- 5*i + 8, -4*i + 5 + u = 3*g. What is the units digit of g?
4
Suppose n - 41 = -3*l, -l = -4*n - 0*l + 125. What is the units digit of n?
2
Let p be -10*(3/6)/(-1). Suppose 0*m + p*x - 17 = 2*m, -2*m + 3*x = 7. What is the units digit of (-3)/12 - (-21)/m?
5
Suppose 0 = 4*p + j - 35, 3*p - 5*p - 4*j = 0. Suppose 3*o + p = -2*o. What is the units digit of (-34)/(-6) - o/(-3)?
5
Let d be (-16)/(-6) + 10/(-15). Suppose -3*b = -d*b - 4. What is the units digit of b?
4
Let v = 257 + -56. What is the units digit of v?
1
Let i(p) = 2*p - 9. Let n be i(8). Suppose 4*x = -3*b - 7, 5*x + n*b + 8 = 3*b. Let j = x - -10. What is the units digit of j?
6
What is the tens digit of 330/20*16/6?
4
Let r be 6/(-4)*(-12)/9. What is the units digit of (66/4)/3*r?
1
What is the tens digit of (-258)/(-12) - (-3)/(-6)?
2
Suppose 5*c + w - 5*w + 25 = 0, 5*c = -4*w + 15. What is the units digit of (c/(-3))/((-1)/(-12))?
4
Let a be -2 - (-63 + (-3 - -2)). Suppose -a = 4*g - 198. What is the tens digit of g?
3
Let z be 0 - ((-12 - -2) + 1). Let y(a) = -a**3 + 8*a**2 + 11*a - 12. What is the units digit of y(z)?
6
Let l = -112 - -63. Let p = -35 - l. What is the tens digit of p?
1
What is the tens digit of (4/(-1) + 2)*(-131)/2?
3
What is the units digit of 18 + (-9 + 1 - -4)?
4
Let f be (0 + 1)/((-2)/(-10)). Suppose f*h = -30 + 280. Suppose 0 = 4*j - 2*w - h, 4*w = -j - 0 - 10. What is the units digit of j?
0
Let a(b) be the first derivative of b**2/2 - b + 1. Suppose 5 = -4*n - 4*r + 17, 9 = 3*n - 4*r. What is the units digit of a(n)?
2
What is the tens digit of (1 + 2)/((-6)/(-376)) - -4?
9
What is the units digit of 2 - 1 - (4 - 27)?
4
Suppose -4*f + 189 = -0*h - 5*h, -4*f = 2*h - 182. What is the units digit of f?
6
Let d = -6 + 34. What is the tens digit of d?
2
Suppose 4*d + 180 = 5*w, 6*w - w - 20 = 0. Let h = d + 61. Suppose u + 0 - h = 0. What is the units digit of u?
1
Let c = -40 + 81. What is the tens digit of c?
4
Let z(l) = 16*l**2 - 6*l - 2. What is the tens digit of z(2)?
5
Suppose 0 = -3*t + 6*t + 39. Let f = 6 - t. What is the tens digit of f?
1
Let x(s) be the first derivative of s**2/2 + 8*s - 2. Let r be x(-8). Let n(d) = -d + 9. What is the units digit of n(r)?
9
Let l(d) be the first derivative of -d**4/4 - 2*d**3/3 + 2*d**2 - 3*d + 1. What is the units digit of l(-4)?
3
Let w = -25 - -43. Suppose -5*f = 4*o + 68, 3*f - 2*o + 13 = -19. Let s = w + f. What is the units digit of s?
6
What is the units digit of (-2 - -26) + -1*3?
1
Suppose 0 = 5*d + 130 - 295. What is the tens digit of d?
3
Let t(f) be the second derivative of -f**5/120 - f**4/6 - f**3/3 - 2*f. Let y(v) be the second derivative of t(v). What is the units digit of y(-5)?
1
Let g(o) = -14*o**3 - 2*o**2 - 2*o - 7. Let m(j) = -27*j**3 - 4*j**2 - 4*j - 13. Let b(k) = -11*g(k) + 6*m(k). What is the units digit of b(-1)?
7
Suppose 2*d + 5*x - 58 = -0*d, 18 = d - 3*x. Suppose 8 = 4*q - d. What is the units digit of q?
8
Suppose -3*t + 50 = -t. Suppose 3*u = -2*u - 70. Let h = u + t. What is the units digit of h?
1
Let v(q) = -q + 1. Let l be v(-5). Suppose 4*k - l = 2*x, 3 = 5*k - 5*x - 2. Let j = k + 1. What is the units digit of j?
3
Let f(b) = b**3 + 8*b**2 + 4*b - 5. Suppose 2*l = l - 7. What is the tens digit of f(l)?
1
Suppose 2*z = -2*z + 120. Suppose j - q = -2*q + z, 3*j = -5*q + 90. What is the units digit of j?
0
Suppose 4*w - 11 + 3 = 0, -2*o - w = -86. What is the tens digit of o?
4
Let p(o) = 14*o**2 - 2*o + 1. What is the units digit of p(-2)?
1
Let r(q) = -q**3 + 2*q**2 - 2*q - 2. Let u be r(2). Let v(i) = 2*i**2 + 8*i + 9. What is the units digit of v(u)?
3
Suppose -72 + 12 = -5*w. Suppose z - 2*z = -2*n - 14, 22 = -3*n + z. Let i = w + n. What is the units digit of i?
4
Let g be (-1)/((5 - 2)/(-3)). What is the units digit of g/2 + (-31)/(-2)?
6
Let g(j) = -j - 8. Let q be g(-12). Suppose p - q*p = -21. Let k = p - 0. What is the units digit of k?
7
Let z be (1*-15)/(3/(-4)). Suppose 0*b + 4*b = z. What is the units digit of b?
5
Let w be 119/(-5) - 2/10. Let u = w + 42. Suppose -t = t - u. What is the units digit of t?
9
Suppose i + 5*x + 8 = 36, -3*x + 24 = 3*i. Suppose -v = -s + 2, -5*v + i - 7 = s. What is the units digit of (-4)/(s - 2) - 3?
1
Let u(l) be the third derivative of -l**6/60 - l**5/20 + l**4/6 + l**3/2 - l**2. Let w be u(-3). Suppose 5*z - 7 = w. What is the units digit of z?
5
Let i = -13 - -14. What is the units digit of i?
1
Let i be 2 - 16/12*3. What is the units digit of (-15)/(-9)*(i + 5)?
5
Let r(n) = -n**3 - 12*n**2 - 12*n - 7. Let q = 2 + 2. Suppose -4*g - 48 + q = 0. What is the units digit of r(g)?
4
Let y be 4/8*3*4. Suppose 0 = -2*g + 2*w + y, w - 5 = 2*g - 5*g. What is the units digit of g?
2
Suppose -2*f + f = -4. Suppose 0 = f*l + l + 10. What is the units digit of l/7 - 116/(-14)?
8
Let f be 4/((-16)/(-20)) - 1. Suppose -2*r + h = -5*r + 17, 3*r + f*h = 5. What is the units digit of r?
7
Suppose -m = 4*m. Suppose 2*k - 4*d - 14 = 0, k + d - 1 + 0 = m. Suppose 0 = -2*v + 6*v + 3*q - 55, k*v + 5*q = 44. What is the units digit of v?
3
Suppose 4*x + 39 = x. Let z = -7 - x. Suppose 3*k = z*k - 54. What is the tens digit of k?
1
What is the units digit of (-3)/(-2)*-2 + 88?
5
Let y(n) = 7*n**3 - 2*n**2 - 4*n. Let m be y(-2). What is the tens digit of (-760)/(-14) + 16/m?
5
Let a = -146 + 378. What is the units digit of a?
2
Let k(z) = -z**2 - 13*z + 1. What is the units digit of k(-6)?
3
Let d = 2 + -7. Let j = d - -8. What is the units digit of j?
3
Let w(y) = -4*y**2 + 0*y**2 + 3*y + y + 5*y**2. Suppose 0 = -5*n - 11 - 14. What is the units digit of w(n)?
5
Let p be ((3 + -4)/1)/1. Let s = -2 + p. What is the tens digit of 17 - 2*s/6?
1
Let b(i) = 5*i + 7. What is the tens digit of b(4)?
2
Let o(b) = b**3 - 5*b**2 + 2*b + 2. Let s be o(4). What is the units digit of (-5)/(10/s) - -16?
9
Let o(m) = -5 - 2*m + 0*m**2 + m**2 + 2. Let d be o(-4). Suppose 0 = 5*w - y - d, 0*w - y = -w + 5. What is the units digit of w?
4
Suppose -25 = -3*a - 94. Let v(d) = -d - 15. Let t be v(0). Let h = t - a. What is the units digit of h?
8
Let g be 69 - (1 - 3 - -3). Let r be g/20 - 2/5. Let j = r + -1. What is the units digit of j?
2
Let l(a) = -a. Let c be 0 - -8*(-1 - 0). Let b = 1 + c. What is the units digit of l(b)?
7
Let a = -13 - 6. Let r = 1 - a. What is the tens digit of r?
2
Suppose -3*t = -10 - 167. What is the tens digit of t?
5
Let i(b) = -7*b**2 - b. Let q be i(-1). Let t be 21/(2 - (-3)/q). Suppose 3*u - 3*x = 2*x + t, 2*u - x - 7 = 0. What is the units digit of u?
3
Let z(i) = 2*i + 2. Let a(y) = 3*y + 1. Let j(q) = 5*a(q) - 4*z(q). Let f be 4/5*(-10)/(-4). What is the units digit of j(f)?
1
Suppose -y = o, -4*y - 4*o = -9*o - 36. Suppose 16 = -2*q + y. What is the units digit of 1 + 12/(q/(-3))?
7
Let c(r) = -r**2 - 21*r + 25. What is the tens digit of c(-19)?
6
What is the units digit of (2/(2 + 4))/((-3)/(-2781))?
9
Suppose 0 = 2*t + 23 + 13. Let z = t - -55. What is the units digit of z?
7
Let t = 4 + -3. What is the units digit of (-4)/(((-3)/3)/t)?
4
Let h(u) = 4*u + 2. Let s be h(-2). Let n be 3/s*(2 + -2). What is the units digit of (6/4 + n)*4?
6
Suppose 2*m - 165 = 5*f - 0*f, 0 = 4*m + 20. Let v = f + 51. What is the units digit of v?
6
Suppose -2*b + 6 = -56. Suppose k - b = -0*k. What is the units digit of k?
1
Suppose -3 = -d - 4*c - 7, -3*d + 9 = 5*c. What is the units digit of d?
8
Suppose m + m + 4 = 0. Let i(b) = -b**2 - 3*b - 1. Let j be i(m). What is the units digit of 1 - 1*-2 - j?
2
Let y(k) = k**3 - 8*k**2 - 13*k - 10. What is the tens digit of y(10)?
6
Let w = -251 + 362. What is the hundreds digit of w?
1
Suppose 2*z + 0*z - 15 = -3*h, 0 = 3*z. Suppose i - h*i = -188. What is the units digit of i?
7
Let d(i) = i**3 - 2*i**2 + 4*i. What is the tens digit of d(4)?
4
Suppose 0 = -q + 9 - 1. Let r be 22/q - (-12)/(-16). Suppose r*c - 3*c = -14. What is the tens digit of c?
1
Let w(k) be the third derivative of -k**4/8 - k**3/6 - 4*k**2. What is the units digit of w(-4)?
1
Let k(a) = 10*a**2 - a - 1. Let p be k(-1). Let s(d) = -d - 7. Let c be s(-6). Let u = c + p. What is the units digit of u?
9
Let h(t) = -t**3 - 6*t**2 - 4*t + 4. Let p be h(-4). Let m(s) = s**2 + 11*s - 1. What is the tens digit of m(p)?
1
Let s = 6 